w(o) = 2*o**2 + 79*o - 912. Calculate w(-49).
19
Let n(r) = -r**3 + 3*r**2 - 5*r + 45. Calculate n(5).
-30
Let n(p) = 150*p - 21161. Give n(141).
-11
Let r(g) = g**2 + 343*g + 1697. Calculate r(-5).
7
Let t(g) = 258*g + 17579. Calculate t(-68).
35
Let t(x) = 2*x**2 + 32*x + 105. Determine t(-6).
-15
Let a(x) = -3*x**3 - 42*x**2 + 356*x - 36. Calculate a(-20).
44
Let b(a) = -10*a**2 - 765*a + 372. Give b(-77).
-13
Let w(l) = l**2 - 57*l + 30. Give w(46).
-476
Let k(u) = -20*u - 56. Calculate k(-3).
4
Let o(j) = -3*j**3 - 9*j**2 + 9*j - 36. Determine o(-6).
234
Let r(o) = 3*o - 198. What is r(17)?
-147
Let g(n) = 97*n + 4032. What is g(-40)?
152
Let k(j) = -j**2 - 40*j + 302. Determine k(8).
-82
Let y(s) = 6*s**2 - 130*s + 44. Calculate y(21).
-40
Let d(b) = -b**2 + 17*b - 72. Determine d(11).
-6
Let r(f) = -f**2 - 66*f - 642. What is r(-12)?
6
Let a(k) = -26*k**2 + 383*k - 10. Give a(15).
-115
Let m(t) = -t**3 + 10*t**2 + 75*t - 16. Determine m(15).
-16
Let f(s) = -16*s**2 - 160*s + 5. Determine f(-9).
149
Let j(c) = 13*c**3 - 69*c**2 + 87*c - 18. What is j(1)?
13
Let n(g) = -58*g**2 + 524*g - 26. Give n(9).
-8
Let x(i) = 2*i**2 - 229*i + 772. Determine x(111).
-5
Let c(f) = -2*f**3 + 27*f**2 - 31*f - 58. Calculate c(12).
2
Let z(x) = -1703*x + 1685. What is z(1)?
-18
Let x(o) = -98*o - 335. Calculate x(-4).
57
Let h(j) = 2*j**3 + 190*j**2 + 301*j - 6603. What is h(-93)?
0
Let z(d) = -2*d**2 - 18*d + 106. What is z(-13)?
2
Let o(c) = -2*c**3 + 12*c**2 - 14*c - 1. Give o(2).
3
Let z(n) = -19*n - 255. What is z(-17)?
68
Let o(w) = 9*w**2 - 54*w + 5. Determine o(7).
68
Let f(u) = 128*u + 1933. What is f(-15)?
13
Let m(c) = -123*c**2 + 5*c + 4. What is m(2)?
-478
Let a(l) = -l**2 - 1497*l + 13539. Determine a(9).
-15
Let t(o) = 23*o - 68. What is t(6)?
70
Let b(v) = -v**3 - 11*v**2 + 16*v + 95. What is b(-11)?
-81
Let c(t) = 197*t + 8268. What is c(-42)?
-6
Let a(i) = 9*i**2 - 313*i - 127. Calculate a(35).
-57
Let u(i) = i**3 + 18*i**2 + 30*i - 4. What is u(-16)?
28
Let v(q) = -2*q**3 + 6*q**2 + 2*q + 7. Calculate v(4).
-17
Let q(t) = 1100*t - 22014. What is q(20)?
-14
Let f(g) = -10*g + 60. Give f(18).
-120
Let l(j) = 11*j**2 - 516*j - 56. Determine l(47).
-9
Let i(n) = n**3 - 3*n**2 - 9*n + 2. What is i(5)?
7
Let a(i) = 1315*i + 6. Calculate a(0).
6
Let w(g) = -1483*g + 14823. What is w(10)?
-7
Let m(n) = n + 109. What is m(22)?
131
Let g(q) = 25*q - 1444. What is g(58)?
6
Let l(h) = h**3 + 10*h**2 - 23*h - 86. Determine l(-12).
-98
Let i(j) = j**3 - 4*j**2 - 176*j - 13. Give i(-11).
108
Let s(d) = -d**3 - 16*d**2 - 76*d - 54. Determine s(-8).
42
Let v(j) = 25*j**2 - 97*j - 7. What is v(4)?
5
Let c(p) = -3*p**2 + 170*p - 584. Give c(53).
-1
Let y(g) = -3*g**2 - 733*g + 3743. What is y(5)?
3
Let x(i) = 43*i + 147. Determine x(-4).
-25
Let i(u) = -161*u + 2426. What is i(15)?
11
Let k(h) = h**2 + 29*h - 20. Give k(9).
322
Let g(p) = 4*p**3 + 8*p**2 + 10*p + 25. Calculate g(-3).
-41
Let i(u) = -3*u - 136. Calculate i(6).
-154
Let i(o) = 132*o - 6152. Determine i(45).
-212
Let k(j) = -65*j + 538. Calculate k(8).
18
Let y(l) = -59*l + 5108. Calculate y(86).
34
Let r(m) = m**3 + 4*m**2 - m - 21. What is r(-4)?
-17
Let s(l) = -11*l**3 - 184*l**2 + 49*l - 10. What is s(-17)?
24
Let s(t) = 2*t**3 + 22*t**2 + 5*t + 17. Determine s(-11).
-38
Let y(u) = 34*u**2 - 985*u + 24. Determine y(29).
53
Let l(n) = 54*n - 212. What is l(4)?
4
Let p(y) = -207*y + 204. Calculate p(1).
-3
Let r(m) = -71*m - 2411. Calculate r(-34).
3
Let p(j) = -j**3 - 7*j**2 - 5*j - 14. Calculate p(-7).
21
Let p(q) = q**2 - 39*q + 140. What is p(34)?
-30
Let j(d) = -d**3 - 42*d**2 + 42*d - 43. Determine j(-43).
0
Let v(j) = -2*j - 566. Calculate v(-57).
-452
Let l(n) = -n**3 - 10*n**2 + 335*n - 20. Calculate l(-24).
4
Let b(x) = -250*x - 317. Give b(-2).
183
Let q(j) = j**3 + 26*j**2 - 2*j - 680. Calculate q(-25).
-5
Let i(d) = d**2 + 60*d + 568. What is i(-48)?
-8
Let l(x) = 182*x - 31109. Calculate l(171).
13
Let y(l) = 3*l**2 + 12*l - 40. Give y(3).
23
Let p(f) = -3*f**3 + 3*f**2 + 50*f + 48. What is p(-1)?
4
Let h(i) = -i**2 - 28*i + 12578. What is h(-127)?
5
Let g(j) = -j**3 - 74*j**2 - 910*j - 1473. What is g(-59)?
2
Let v(t) = 268*t + 263. Give v(-1).
-5
Let c(d) = -16*d + 139. Calculate c(5).
59
Let h(v) = -4*v**3 + 39*v**2 - 49*v - 49. Calculate h(8).
7
Let p(n) = -128*n + 75. Determine p(-1).
203
Let t(p) = p**3 - p**2 - 135*p - 31. Calculate t(-11).
2
Let b(k) = -19*k + 966. Determine b(50).
16
Let t(s) = -2*s**2 - 30*s - 71. Calculate t(-11).
17
Let c(o) = -57*o - 28. Determine c(0).
-28
Let b(t) = 5*t**3 - 2*t**2 - 40*t + 33. Give b(-6).
-879
Let y(p) = -p**2 + 1302*p + 38602. Calculate y(-29).
3
Let u(h) = -46*h - 635. Determine u(-14).
9
Let o(h) = -h**2 + 214*h + 1317. Calculate o(-6).
-3
Let z(u) = -7*u**2 - 64*u - 192. Calculate z(-5).
-47
Let i(w) = -2*w**2 + 42*w - 180. Determine i(17).
-44
Let q(x) = x**3 - 24*x**2 + 30*x - 93. What is q(23)?
68
Let q(u) = 20*u + 250. Calculate q(-11).
30
Let y(w) = -w**2 - 25*w - 76. Give y(-12).
80
Let f(m) = 11*m - 7. Determine f(-38).
-425
Let x(t) = 9*t**3 + 3*t**2 + 28*t - 72. Calculate x(2).
68
Let l(v) = -v**2 - 38*v + 529. Determine l(13).
-134
Let q(a) = -41*a - 83. Determine q(5).
-288
Let y(h) = 3*h**2 + 9*h - 193. What is y(-14)?
269
Let d(s) = s**2 - 136*s + 4065. Determine d(91).
-30
Let d(g) = 21574*g - 172584. Calculate d(8).
8
Let l(t) = 225*t**2 - 2017*t - 71. Determine l(9).
1
Let q(a) = a**2 + 666*a - 34263. What is q(48)?
9
Let k(d) = 117*d**2 - 625*d - 464. Determine k(6).
-2
Let x(k) = -k**2 - 132*k - 754. What is x(-6)?
2
Let p(n) = 7*n + 92. Calculate p(-11).
15
Let j(r) = r**3 + 55*r**2 + 337*r - 4. What is j(-48)?
-52
Let l(c) = -17*c + 305. Calculate l(20).
-35
Let s(m) = 20*m**2 - 50*m + 180. Determine s(7).
810
Let i(m) = -m**3 - 52*m**2 - 105*m - 247. Determine i(-50).
3
Let v(l) = -14*l**3 - 2*l**2 - 1. Determine v(1).
-17
Let z(j) = -29*j + 315. What is z(11)?
-4
Let l(c) = c**3 - 35*c**2 + 31*c + 163. Determine l(34).
61
Let r(w) = -w**3 - 32*w**2 + 287*w - 58. Calculate r(7).
40
Let o(p) = 120*p - 2428. Give o(20).
-28
Let m(h) = -7*h**2 - 97*h - 68. Calculate m(-15).
-188
Let r(x) = -2*x**3 + 5*x**2 - 3*x + 7. Give r(2).
5
Let w(n) = -9640*n + 144607. Calculate w(15).
7
Let c(n) = -3*n**3 + 20*n**2 + 116*n + 15. Calculate c(-4).
63
Let w(m) = -3*m**2 + 48*m + 102. Calculate w(25).
-573
Let q(g) = 222*g + 2664. What is q(-12)?
0
Let p(b) = 23*b**2 - 15*b - 10. What is p(1)?
-2
Let s(j) = -205*j - 815. Calculate s(-4).
5
Let w(s) = 7*s**3 + 153*s**2 - 23*s - 23. Determine w(-22).
-1
Let a(i) = -45*i - 1124. Determine a(-25).
1
Let k(p) = 24*p + 28. Give k(-1).
4
Let r(y) = 2*y**2 + 468*y + 8169. Give r(-19).
-1
Let a(y) = 6*y**3 - 39*y**2 - y + 3. Calculate a(3).
-189
Let a(x) = -33*x - 18. Calculate a(-1).
15
Let y(w) = 127*w - 145. Determine y(2).
109
Let m(x) = 26*x - 355. Determine m(15).
35
Let y(z) = -4*z**2 + 13*z - 31. What is y(3)?
-28
Let f(p) = -25*p - 49. What is f(-3)?
26
Let n(b) = -2*b**3 - 42*b**2 - b. Determine n(-21).
21
Let q(s) = 9*s - 10. Give q(-6).
-64
Let x(d) = -d**3 - 56*d**2 - 85*d - 1639. Determine x(-55).
11
Let o(f) = f**2 + 372*f + 32562. Determine o(-231).
-9
Let o(p) = 96*p + 3532. Determine o(-34).
268
Let v(m) = 3*m**3 - 121*m**2 - 251*m + 6934. What is v(41)?
5
Let i(g) = 4*g**3 + 77*g**2 + 19*g + 4. What is i(-19)?
4
Let q(k) = -k**3 - 11*k**2 - 33*k - 38. Give q(-7).
-3
Let h(b) = 80*b + 195. What is h(-9)?
-525
Let w(f) = -4*f**2 - 143*f - 2. Calculate w(0).
-2
Let u(a) = -a**3 + 2*a**2 + 10*a + 20. Calculate u(-6).
248
Let w(c) = c**3 + 13*c**2 + 4*c + 7. What is w(-13)?
-45
Let x(t) = -t**2 + 32*t + 2169. Give x(-33).
24
Let g(u) = -u**3 - 10*u**2 - 194*u - 2263. Determine g(-11).
-8
Let k(w) = -14*w - 175. What is k(-18)?
77
Let u(t) = 254*t + 3296. Calculate u(-13).
-6
Let y(g) = 2*g**3 - 15*g**2 + 53*g - 289. Calculate y(6).
-79
Let t(i) = -i**2 + 15*i + 20. Determine t(10).
70
Let i(y) = -419*y + 16768. Determine i(40).
8
Let h(d) = 2*d**2 + 98*d - 121. What is h(-49)?
-121
Let a(t) = -t**2 + 144*t + 8915. Give a(-47).
-62
Let d(b) = b**2 + 33*b - 380. Calculate d(11).
104
Let m(g) = 18*g - 12. Determine m(-4).
-84
Let j(y) = -3*y - 30. Determine j(0